?
-8
Let w(q) = 4*q - 1. Suppose -2*d = 54*d - 616. Give w(d).
43
Let i(x) = 4*x**2 - 5*x - 3. Let s(z) = -5*z**2 + 5*z + 3. Let r(m) = 4*i(m) + 3*s(m). Let c(u) = -3*u. Let w be c(-1). Calculate r(w).
-9
Suppose 0 = -4*k + 10 + 2. Let c(n) be the third derivative of n**4/4 - 2*n**3/3 - 534*n**2. Determine c(k).
14
Let f(p) = p**3 + 7*p**2 + 8*p + 13. Suppose 390 = -40*u - 25*u. Calculate f(u).
1
Let r(v) = -v**2 + 18*v - 8. Let g be r(17). Let j(t) = -2*t. What is j(g)?
-18
Suppose 12*i + 182 = -14*i. Let c(s) = s - 1. Give c(i).
-8
Suppose 0 = u - 4*u + 57. Suppose u*w = 24*w + 60. Let s be w + 10 + 1 + 1. Let t(l) = -l**3 + l**2 + 4. Calculate t(s).
4
Let q(n) = n + 3. Suppose 0 = 5*k - t - 24 - 1, 31 = 4*k - 3*t. Suppose 3*x - k*c - 13 = 4*x, -35 = -5*x + 5*c. Calculate q(x).
6
Let w(a) = -2 + 4 + 8 - 13*a. Let t(l) = 9*l - 7. Let r(m) = -7*t(m) - 5*w(m). Let q = 6 + -4. Calculate r(q).
3
Let o(w) = 3*w**2 - 21 + 8*w**2 + w**2 + 12*w - 13*w**2. Give o(3).
6
Let u(g) = -g**2 + 3*g. Let x(c) = 4*c**2 - 10*c - 3. Let a(j) = -5*u(j) - x(j). What is a(3)?
-3
Suppose -2*d = -d - 29. Suppose -25*c + d*c - 8 = 0. Let v(g) be the first derivative of -g**2 - 2*g + 1. Give v(c).
-6
Let g be (1 - -3)*354/12. Let d = -116 + g. Let p(u) = u**3 - 4*u**2 + 1. Give p(d).
-7
Let s(g) = 7*g - g**2 - 4*g - 3*g. Suppose 5*a + 10 = 0, 4*a + 2 = -3*f - 3. Give s(f).
-1
Let n(v) = v + 7. Let k be 0/(1/((-5)/(7 + -2))). Let w(j) = j**3 - 6 + j**2 + j - 1 + 2. Let u be w(k). Give n(u).
2
Let p(t) = -5*t + 21. Suppose 17*c - 23 = -3*j + 18*c, 0 = -4*j + 2*c + 28. What is p(j)?
-24
Let x be (2 + 3 - 3) + 30. Suppose s = -x + 37. Let n(f) = f**2 - 7*f + 5. What is n(s)?
-5
Let f(u) = 1 + 3 - u**3 - 2 + 2*u - 5*u**2. Let z = 52 + -122. Let l be 6*55/z + 2/(-7). What is f(l)?
-8
Let a(g) = g + 12. Suppose 0 = 5*j + 3*x + 15, -j - 5 = 2*x + 5. Determine a(j).
12
Let z be (120/10 - 10) + 1. Let k(l) be the first derivative of -l**2 + 4*l + 1. What is k(z)?
-2
Let v(k) = -58*k. Let l(a) = -29*a. Let x(c) = -5*l(c) + 2*v(c). Determine x(1).
29
Let c(j) be the first derivative of j**6/120 - j**5/60 - j**3/3 + 19*j**2/2 + 37. Let z(r) be the second derivative of c(r). Calculate z(2).
2
Let v(q) = -q - 7. Let g be v(-6). Let k(b) be the second derivative of -b**6/72 + b**4/3 + 6*b. Let i(y) be the third derivative of k(y). Calculate i(g).
10
Suppose 0 = 10*w - 5*w - 25. Let s(k) be the first derivative of k**4/4 - 2*k**3 + 4*k**2 - 3*k + 4. Give s(w).
12
Let r = -5 + -5. Let x = -11 - r. Let o be -2 + -4 + 5 + x. Let w(v) = 3*v**2 + v + 2. Determine w(o).
12
Suppose 0 = 3*q - 4*q - 3. Let l(d) = -124 - 2*d - d**2 + 249 - 123. Calculate l(q).
-1
Let x be (-4)/6*21/(-2). Let p(o) be the third derivative of -o**5/60 + 7*o**4/24 + o**3/2 - 3*o**2 + 25*o. Give p(x).
3
Let g(i) = 22*i**3 - 8*i**2 - 9*i + 13. Let c(k) = -15*k**3 + 5*k**2 + 6*k - 8. Let n(p) = -8*c(p) - 5*g(p). Determine n(-1).
-8
Let i be (52/(-16) - -4)/(2/16). Let c(v) = -14*v**2 - 24*v + 18. Let o(k) = -5*k**2 - 8*k + 6. Let t(w) = -6*c(w) + 17*o(w). Calculate t(i).
6
Let m = -3490 + 3487. Let a(l) be the first derivative of -1 + l + 3/2*l**2 + 1/3*l**3. What is a(m)?
1
Let z = 10 - 16. Let u(l) be the first derivative of l**4/24 + 4*l**3/3 - 12*l**2 + 25. Let y(h) be the second derivative of u(h). Give y(z).
2
Let h(a) = -3*a**2 - a. Suppose -6 = -3*y - 0. Suppose 3*b = -g + 2*g + 2, 0 = -y*b - 10. Let c = 18 + g. What is h(c)?
-4
Suppose 17 = 4*t - q, -4*q = -23*t + 20*t + 16. Let w(z) = -2*z + 9. Give w(t).
1
Let s(y) be the second derivative of 0 + 1/3*y**3 - 20*y + 2*y**2. What is s(3)?
10
Suppose -3*x - 2*y = -0*y + 17, 2*x = 2*y + 2. Let l(b) = -b - 8. Let a(s) = -2*s - 9. Let g(v) = x*l(v) + 2*a(v). Determine g(7).
-1
Let c(z) = -2 - 2*z**2 + z + 5*z**2 - 12*z. Let y(w) = 2*w**2 - 10*w - 3. Let o(t) = -3*c(t) + 4*y(t). What is o(-5)?
4
Let t(a) = -4*a - 1. Let d be ((-70)/15)/(-7)*-9. Let s be (-2)/12*4*d. What is t(s)?
-17
Let m(w) = 36 + 13 - 5*w - 12. Let y be m(6). Let k(d) = d**2 - 6*d - 6. Give k(y).
1
Let s = 3 - -1. Suppose 0*l - 12 = -l + j, -3*j = -4*l + 44. Let o(k) = -13*k - 3*k**2 + 3*k + l*k + k**3. What is o(s)?
8
Let h(y) = -50*y**2 - 15. Let m(k) = -23*k**2 - 7. Let t(n) = -6*h(n) + 13*m(n). What is t(-5)?
24
Let o(v) be the third derivative of v**7/2520 - 7*v**6/720 + v**5/60 - v**4/3 + 9*v**2. Let z(x) be the second derivative of o(x). Determine z(6).
-4
Let d = -4 + 9. Suppose d*a + 5 + 10 = 0. Let n(g) = -3*g - 5. Let u(q) = 2*q + 5. Let h(x) = a*n(x) - 4*u(x). Calculate h(-4).
-9
Suppose 2*m = -2*w - 8, 5*m - w - 36 = -32. Let q(o) = o**2 + 2*o + 81. Give q(m).
81
Suppose 3*u = -u - 20. Let v(g) = g**2 - 15*g. Let s(f) = -3*f**2 + 67*f - 1. Let i(x) = -s(x) - 4*v(x). Calculate i(u).
11
Let t(b) = -6*b**2 - 4. Let i(s) = -s**2 - 1. Let z = -2 - -4. Suppose z*c = -9*f + 4*f + 17, 2*f = 6. Let o(u) = c*t(u) - 3*i(u). Determine o(2).
-13
Let i = 1000 + -995. Let m(r) = 16*r**3 - 25*r**2 + 21*r - 31. Let n(h) = -3*h**3 + 5*h**2 - 4*h + 6. Let y(p) = 2*m(p) + 11*n(p). Calculate y(i).
-6
Let i = -19211/12 - -1601. Let f(r) be the second derivative of 1/6*r**3 - r**2 + 0 + i*r**4 + 1/20*r**5 + 13*r. What is f(0)?
-2
Let k = 2 - 2. Let z(w) = 23706 + 0*w - 23721 + w. Determine z(k).
-15
Let o(q) be the first derivative of -q**3/2 - q**2/2 + 6*q + 11. Let w(p) be the first derivative of o(p). What is w(-2)?
5
Let x(p) = p + 4. Let o be x(0). Suppose o*t = 2*t. Let z(i) be the third derivative of -i**5/60 + i**4/24 - 5*i**3/2 - 3*i**2 + 5. Give z(t).
-15
Let y(g) = -4*g + 1. Let f(a) = -78*a + 18. Let p(k) = -f(k) + 18*y(k). Let o be (-12)/(-10) - 2/10. Calculate p(o).
6
Let p be 172/14 + (-14)/49. Let q(l) = 14*l**2 + 3*l**2 - p + 13. Calculate q(-1).
18
Suppose 163 = 19*f + 68. Let x(z) be the first derivative of -5*z - 2 + 3/2*z**2. What is x(f)?
10
Suppose 5*d = 3*c - 0*d + 5, 0 = c - 2*d + 3. Let u(m) = 1 + 7 + 0 - c - 3*m - 4*m**2. Calculate u(2).
-19
Let n(j) = j**2 + 11*j - 2. Suppose 845*r - 50 = 855*r. Give n(r).
-32
Let v be (-2)/12 + (55/6 - -3). Let o(s) = -3*s + 29. Give o(v).
-7
Let y(h) = h**2 + 11*h - 16. Let r(b) = -b**3 - 21*b**2 - 20*b - 12. Let m be r(-20). Give y(m).
-4
Let m(z) be the first derivative of z**4/24 + 2*z**3/3 - 22*z**2 + 44. Let k(a) be the second derivative of m(a). Let h = -10 + 5. Give k(h).
-1
Let z be (-4)/(-10) - 15/(-25). Let k be (z - -1)/((-10)/(-55)). Let c(b) = 5*b**3 - 9*b**2 - 7*b + 10 - k*b**3 + 5*b**3. Give c(-8).
2
Let q(i) = -i**3 - 7*i**2 - 4*i + 6. Suppose 4*y = 8*y + 24. Determine q(y).
-6
Let d(v) be the second derivative of 3*v**5/20 - v**3/6 + 22*v - 4. Let g(s) = s + 8. Let r be g(-9). Let f be (-1 - -2 - 2)/r. Give d(f).
2
Suppose x - 12 = -2. Let f = 13 - 9. Suppose -6 - x = -f*b. Let v(j) = -j**2 + 5*j - 4. Give v(b).
0
Let a(n) be the third derivative of -n**4/12 + n**3/3 + 89*n**2. Give a(-8).
18
Let d be 412/5 - 15/(-25). Let g(v) = v - 4*v**2 + 170*v**3 - 86*v**3 + 1 - d*v**3. Calculate g(3).
-5
Let w(b) = 3*b + 2*b + 5*b - 17*b - 7 + 3*b. Give w(0).
-7
Suppose -b - f + 2*f + 3 = 0, f + 3 = -2*b. Suppose -m - 1 = -3. Let t(z) = -5*z + 2 - 2*z**m + b*z**2 + z**2. Determine t(-6).
-4
Let n be -1 + 0 - 24/(-4). Let s(x) be the second derivative of -x**3/6 - x**2 - 2*x + 26. Determine s(n).
-7
Let q(r) = 9*r - 5. Let o(h) = -2*h**2 + 6*h - 6. Let m be o(3). Let l(g) = -5*g + 2. Let a(t) = m*q(t) - 11*l(t). Determine a(-8).
0
Let b(q) = q + 8*q - 10*q - 2*q - 2 + 4*q. Let o be (-1)/(-1) - (-4)/2. Calculate b(o).
1
Let l(v) = v + 2. Let k be -9 + 15 + (-2 - -6). Suppose 5*w + k + 1 = 3*u, 5*w + 3*u + 29 = 0. Give l(w).
-2
Let t be (-195)/234*(-1)/5. Let n(v) be the second derivative of 0 + 7*v - 1/2*v**2 - 3/4*v**4 - t*v**3. Determine n(-1).
-9
Let p(i) be the second derivative of i**5/20 - 5*i**4/12 - 2*i**3/3 + 3*i - 45. Give p(5).
-20
Suppose 4*t + 0 - 10 = a, -2 = -2*t - a. Let m(x) = 3 + t - 4*x - 4. Give m(-1).
5
Let v(a) be the third derivative of a**6/120 - a**5/10 + 5*a**4/24 - a**3/3 - 2*a**2. Let f be 6*(-3)/(-9) - -3. Calculate v(f).
-2
Let s(d) = d**3 + 5*d**2 - 7*d - 2. Let m(t) = -t**2 - t + 36. Let l be m(6). What is s(l)?
4
Let v be 2*(45/(-6))/(-5). Suppose -2*g - 2 = -3*c, v*g + 3 = c - 0. Let l = c - -5. Let a